{"id":2,"date":"2023-09-15T08:24:23","date_gmt":"2023-09-15T08:24:23","guid":{"rendered":"https:\/\/beyin.bilkent.edu.tr\/?page_id=2"},"modified":"2024-09-25T11:15:27","modified_gmt":"2024-09-25T08:15:27","slug":"sample-page","status":"publish","type":"page","link":"https:\/\/beyin.bilkent.edu.tr\/","title":{"rendered":""},"content":{"rendered":"\n<figure class=\"wp-block-image alignwide size-large\"><img decoding=\"async\" loading=\"lazy\" width=\"1024\" height=\"576\" src=\"https:\/\/beyin.bilkent.edu.tr\/wp-content\/uploads\/2023\/10\/aysel_sabuncu_beyin_aras_butuner-7.jpg-1-1024x576.jpeg\" alt=\"\" class=\"wp-image-59\" srcset=\"https:\/\/beyin.bilkent.edu.tr\/wp-content\/uploads\/2023\/10\/aysel_sabuncu_beyin_aras_butuner-7.jpg-1-1024x576.jpeg 1024w, https:\/\/beyin.bilkent.edu.tr\/wp-content\/uploads\/2023\/10\/aysel_sabuncu_beyin_aras_butuner-7.jpg-1-300x169.jpeg 300w, https:\/\/beyin.bilkent.edu.tr\/wp-content\/uploads\/2023\/10\/aysel_sabuncu_beyin_aras_butuner-7.jpg-1-768x432.jpeg 768w, https:\/\/beyin.bilkent.edu.tr\/wp-content\/uploads\/2023\/10\/aysel_sabuncu_beyin_aras_butuner-7.jpg-1-1536x864.jpeg 1536w, https:\/\/beyin.bilkent.edu.tr\/wp-content\/uploads\/2023\/10\/aysel_sabuncu_beyin_aras_butuner-7.jpg-1.jpeg 2000w\" sizes=\"(max-width: 1024px) 100vw, 1024px\" \/><\/figure>\n\n\n\n<p>Bilkent\u2019s Brain Research Center (<em>Aysel Sabuncu Beyin Ara\u015ft\u0131rmalar\u0131 Merkezi<\/em>, <em>ASBAM<\/em>), of which construction had been made possible by a generous donation from Aysel Sabuncu, serves the needs of the Neuroscience Department as well as other departments, together with UMRAM under one roof; supplying the equipment, and laboratory infrastructure necessary to support their rapidly growing research groups. Due to the interdisciplinary nature of neuroscience research, faculty and students from different fields come together in a positive synergy, which benefits their growth and performance. The establishment of this center has created a point of attraction for new faculty, thus aiding in the growth of the Neuroscience Department, leading to a larger portfolio of externally supported projects.<\/p>\n","protected":false},"excerpt":{"rendered":"<p>Bilkent\u2019s Brain Research Center (Aysel Sabuncu Beyin Ara\u015ft\u0131rmalar\u0131 Merkezi, ASBAM), of which construction had been made possible by a generous donation from Aysel Sabuncu, serves the needs of the Neuroscience Department as well as other departments, together with UMRAM under one roof; supplying the equipment, and laboratory infrastructure necessary to support their rapidly growing research [&hellip;]<\/p>\n","protected":false},"author":1,"featured_media":0,"parent":0,"menu_order":0,"comment_status":"closed","ping_status":"open","template":"","meta":{"footnotes":""},"_links":{"self":[{"href":"https:\/\/beyin.bilkent.edu.tr\/index.php?rest_route=\/wp\/v2\/pages\/2"}],"collection":[{"href":"https:\/\/beyin.bilkent.edu.tr\/index.php?rest_route=\/wp\/v2\/pages"}],"about":[{"href":"https:\/\/beyin.bilkent.edu.tr\/index.php?rest_route=\/wp\/v2\/types\/page"}],"author":[{"embeddable":true,"href":"https:\/\/beyin.bilkent.edu.tr\/index.php?rest_route=\/wp\/v2\/users\/1"}],"replies":[{"embeddable":true,"href":"https:\/\/beyin.bilkent.edu.tr\/index.php?rest_route=%2Fwp%2Fv2%2Fcomments&post=2"}],"version-history":[{"count":13,"href":"https:\/\/beyin.bilkent.edu.tr\/index.php?rest_route=\/wp\/v2\/pages\/2\/revisions"}],"predecessor-version":[{"id":195,"href":"https:\/\/beyin.bilkent.edu.tr\/index.php?rest_route=\/wp\/v2\/pages\/2\/revisions\/195"}],"wp:attachment":[{"href":"https:\/\/beyin.bilkent.edu.tr\/index.php?rest_route=%2Fwp%2Fv2%2Fmedia&parent=2"}],"curies":[{"name":"wp","href":"https:\/\/api.w.org\/{rel}","templated":true}]}}